84?
False
Is 1039 a factor of 136971828?
False
Does 633 divide 1043184?
True
Is 42 a factor of 1614183942?
True
Is 13 a factor of 38271857?
True
Does 24 divide 213238838?
False
Does 97 divide 942345009?
True
Does 54 divide 28361070?
True
Is 187285619 a multiple of 96?
False
Does 248 divide 619488391?
False
Is 63136637 a multiple of 2865?
False
Does 130 divide 1183546130?
True
Is 60133520 a multiple of 2524?
False
Is 26 a factor of 27190514?
True
Does 133 divide 71556527?
True
Is 12 a factor of 2207268178?
False
Is 227 a factor of 11988231?
False
Is 112040040 a multiple of 249?
True
Is 2304246789 a multiple of 2691?
True
Does 150 divide 4742128200?
True
Is 1419281 a multiple of 142?
False
Is 1812 a factor of 9822000?
False
Is 1258 a factor of 66562038?
True
Is 848 a factor of 153895888?
True
Is 1812 a factor of 281338368?
True
Is 79 a factor of 75897503?
False
Does 13 divide 2075921575?
True
Is 178 a factor of 5551482690?
True
Is 116 a factor of 4285398?
False
Does 22 divide 5066409414?
True
Is 27 a factor of 493579190?
False
Is 13 a factor of 3316985?
False
Does 81 divide 2003261973?
False
Does 900 divide 2483351308?
False
Does 9 divide 2039967?
True
Is 119780050 a multiple of 1451?
True
Is 617412087 a multiple of 14?
False
Is 21600095 a multiple of 5?
True
Is 305099276 a multiple of 12?
False
Is 14052716 a multiple of 167?
True
Is 182 a factor of 27717872?
True
Is 16711409 a multiple of 1573?
False
Is 137128407 a multiple of 3131?
True
Is 12338604 a multiple of 269?
False
Is 50981040 a multiple of 80?
True
Is 398878550 a multiple of 310?
True
Does 4 divide 1383631340?
True
Is 128 a factor of 46082432?
True
Is 11642 a factor of 1413699702?
True
Is 263931226 a multiple of 82?
False
Is 817 a factor of 2112152531?
False
Does 2 divide 7745984?
True
Does 4099 divide 33482400?
False
Is 6940144 a multiple of 8?
True
Does 10 divide 275739660?
True
Is 639341052 a multiple of 12?
True
Does 12 divide 425470524?
True
Is 33463782 a multiple of 198?
True
Is 2753 a factor of 729201859?
False
Is 207532600 a multiple of 620?
True
Is 6 a factor of 231074734?
False
Is 855 a factor of 19710641?
False
Is 416201526 a multiple of 49?
False
Does 384 divide 66311424?
True
Is 11425 a factor of 473209576?
False
Is 1559 a factor of 661260735?
False
Is 54 a factor of 2206008702?
True
Is 174679974 a multiple of 42?
True
Is 8362900 a multiple of 175?
True
Does 79 divide 5407385?
False
Is 370 a factor of 17214924?
False
Is 78807051 a multiple of 23?
False
Is 133027738 a multiple of 60?
False
Is 66 a factor of 477219798?
True
Is 332046147 a multiple of 437?
True
Is 4065 a factor of 4116508122?
False
Is 7 a factor of 228228?
True
Is 30878987 a multiple of 21?
False
Is 3202325 a multiple of 1015?
True
Is 2333 a factor of 437374509?
True
Is 368449350 a multiple of 29?
True
Is 6643456 a multiple of 31?
False
Does 54 divide 91034825?
False
Is 9 a factor of 64620818?
False
Does 2469 divide 199180389?
False
Is 812 a factor of 118826275?
False
Does 234 divide 22847058?
True
Is 6717039 a multiple of 20?
False
Does 14 divide 406407547?
False
Is 203138415 a multiple of 45?
True
Is 1178672267 a multiple of 81?
False
Does 13 divide 59648578?
False
Is 386899562 a multiple of 858?
False
Does 97 divide 45408901?
True
Does 1722 divide 4707472728?
True
Does 12 divide 8757762?
False
Is 11 a factor of 22822910?
True
Is 328285221 a multiple of 33?
True
Is 2711 a factor of 41867692?
False
Is 16019379 a multiple of 31?
False
Is 574 a factor of 44282722?
False
Is 171 a factor of 341997561?
False
Is 1039 a factor of 891545120?
True
Is 107 a factor of 80869285?
False
Is 2226976944 a multiple of 16?
True
Is 28382563 a multiple of 9?
False
Is 9 a factor of 414502789?
False
Is 338211117 a multiple of 153?
False
Is 61972328 a multiple of 1288?
False
Does 4103 divide 186743170?
False
Does 141 divide 585944253?
True
Is 156655248 a multiple of 48?
True
Does 15 divide 28155750?
True
Is 37507213 a multiple of 2398?
False
Does 386 divide 138877010?
True
Is 169302528 a multiple of 216?
True
Is 3767895 a multiple of 11?
False
Is 174774965 a multiple of 8?
False
Is 1419 a factor of 1841226012?
False
Is 74508642 a multiple of 11?
False
Is 20 a factor of 81050820?
True
Does 829 divide 126071833?
True
Is 58357165 a multiple of 13?
False
Is 83 a factor of 3069872113?
True
Is 19 a factor of 301512007?
True
Is 3 a factor of 5088744?
True
Is 52 a factor of 11857470?
False
Is 25 a factor of 540784503?
False
Does 33 divide 86286043?
False
Does 14 divide 244395634?
True
Is 199 a factor of 7799767?
False
Is 46 a factor of 53315794?
True
Is 79 a factor of 619434798?
False
Is 191106288 a multiple of 9?
True
Does 488 divide 353528434?
False
Is 4992 a factor of 278643456?
True
Is 2236 a factor of 410755374?
False
Does 16 divide 10896547?
False
Is 318413684 a multiple of 4?
True
Does 2678 divide 841746282?
True
Does 9 divide 913072953?
False
Does 3575 divide 161740150?
True
Is 10 a factor of 55128030?
True
Is 4465656 a multiple of 312?
True
Is 301 a factor of 49369584?
False
Is 11 a factor of 284724066?
True
Is 98480971 a multiple of 3415?
False
Is 14 a factor of 326568551?
False
Does 1242 divide 453462894?
True
Does 20 divide 11142620?
True
Is 566820 a multiple of 940?
True
Is 67858305 a multiple of 6?
False
Does 183 divide 155770810?
False
Is 64 a factor of 2154002368?
True
Is 38982163 a multiple of 190?
False
Is 46 a factor of 71066550?
True
Does 9 divide 109166769?
True
Does 12 divide 216604848?
True
Does 182 divide 9210045?
False
Is 8622614 a multiple of 511?
True
Does 6711 divide 240844368?
True
Does 13 divide 99100997?
False
Does 698 divide 56367501?
False
Is 462 a factor of 262965329?
False
Is 11948754 a multiple of 43?
True
Does 8 divide 28610928?
True
Is 3093986038 a multiple of 13?
True
Is 54706770 a multiple of 2439?
True
Does 131 divide 356023678?
True
Is 27 a factor of 78428330?
False
Is 41 a factor of 117344875?
False
Is 9 a factor of 9227259?
True
Is 22 a factor of 26930721?
False
Is 136 a factor of 63818260?
False
Does 55 divide 57211495?
True
Does 4696 divide 613419696?
True
Is 112522813 a multiple of 221?
True
Is 118 a factor of 12744?
True
Is 125813952 a multiple of 9?
True
Is 564707843 a multiple of 1136?
False
Does 27 divide 112286004?
False
Does 317 divide 1267366?
True
Is 2622640625 a multiple of 6875?
True
Is 842 a factor of 58404822?
False
Is 14 a factor of 5893160?
True
Is 216 a factor of 832115808?
True
Does 112 divide 12221216?
True
Does 695 divide 403731370?
False
Is 56 a factor of 195346561?
False
Is 72 a factor of 112508610?
False
Is 6852155 a multiple of 23?
False
Is 13 a factor of 34752554?
False
Does 920 divide 316971280?
True
Is 40 a factor of 208564781?
False
Is 336 a factor of 117186358?
False
Is 15 a factor of 58470123?
False
Is 20 a factor of 2246989438?
False
Does 38 divide 251480781?
False
Is 82418540 a multiple of 400?
False
Does 154 divide 7767614?
False
Is 1683 a factor of 703034541?
True
Is 125606183 a multiple of 19?
False
Does 9462 divide 4816550759?
False
Is 25 a factor of 3292881563?
False
Is 26331900 a multiple of 105?
True
Is 21905384 a multiple of 136?
True
Does 28 divide 10291386?
False
Does 289 divide 33436075?
False
Is 422720352 a multiple of 75?
False
Is 27846702 a multiple of 224?
False
Is 2 a factor of 27053117?
False
Is 53 a factor of 738449?
True
Does 71 divide 18454746?
True
Is 359 a factor of 9428417?
True
Is 814 a factor of 1646670122?
False
Is 21981438 a multiple of 107?
True
Does 4656 divide 3140816544?
True
Is 1483 a factor of 2132736409?
True
Is 153292360 a multiple of 26?
True
Is 1204 a factor of 416476274?
False
Does 3 divide 4651104?
True
Is 768 a factor of 46775040?
True
Is 242349445 a multiple of 13?
True
Is 74887260 a multiple of 2590?
True
Is 1170636 a multiple of 72?
False
Is 5863 a factor of 2955854902?
True
Does 77 divide 5962664477?
True
Is 346 a factor of 333260664?
False
Is 448 a factor of 17040212?
False
Is 5959798 a multiple of 899?
False
Is 1317977144 a multiple of 88?
True
Is 499243437 a multiple of 99?
True
Is 120081429 a multiple of 39?
True
Is 813582 a multiple of 226?
False
Is 1087221364 a multiple of 3250?
False
Does 167 divide 54597310?
True
Is 16350336 a multiple of 32?
True
Is 251 a factor of 2216025788?
True
Is 16716400 a multiple o